{"id":767,"date":"2017-01-28T17:42:52","date_gmt":"2017-01-28T16:42:52","guid":{"rendered":"http:\/\/tesshinkan.ddns.net\/tesshinkan-wp\/?page_id=767"},"modified":"2025-04-16T15:04:01","modified_gmt":"2025-04-16T13:04:01","slug":"pruefungsprogramm-fuer-kinder","status":"publish","type":"page","link":"https:\/\/kobudo-tesshinkan.eu\/index.php\/de\/ueber-ryukyu-kobudo-tesshinkan\/pruefungswesen\/pruefungsprogramm-fuer-kinder\/","title":{"rendered":"Pr\u00fcfungsprogramm f\u00fcr Kinder"},"content":{"rendered":"<ul>\n<li>Pr\u00fcfer f\u00fcr Kinderpr\u00fcfungen m\u00fcssen wenigstens den 1. DAN im Ry\u00fbky\u00fb Kobud\u00f4 Tesshinkan innehaben.<\/li>\n<li>Kinderpr\u00fcfungen sind D\u00f4j\u00f4-intern und dem Verband nicht nachweispflichtig.<\/li>\n<li>Kinderpr\u00fcfungen sind kostenlos. Pro Pr\u00fcfung kann aber eine Pr\u00fcfer- \/ Urkundengeb\u00fchr in H\u00f6he bis 10,00 Euro erhoben werden.<\/li>\n<li>Die spezielle Urkunde f\u00fcr Kinderpr\u00fcfungen (A4-Format) steht als freier Download zur Verf\u00fcgung.<\/li>\n<li>Der erreichte KY\u00db-Grad wird durch Querstreifen auf dem wei\u00dfen G\u00fcrtel, optional auch farblich unterschiedlich, kenntlich gemacht. (10. KY\u00db = 1 Querstreifen, 9. KY\u00db = 2 Querstreifen, &#8230;)<\/li>\n<li>Es werden nur Techniken f\u00fcr B\u00d4 abgepr\u00fcft.<\/li>\n<\/ul>\n<ul>\n<li><strong><a href=\"https:\/\/kobudo-tesshinkan.eu\/wp-content\/uploads\/2025\/04\/test_kids_ger.pdf\">Download als PDF<\/a><\/strong><\/li>\n<\/ul>\n<div class=\"su-box su-box-style-default\" id=\"\" style=\"border-color:#bbbbbb;border-radius:3px\"><div class=\"su-box-title\" style=\"background-color:#eeeeee;color:#000000;border-top-left-radius:1px;border-top-right-radius:1px\">10. KY\u00db - wei\u00dfer G\u00fcrtel mit einem Streifen (SAN-TO-BUN &amp; Stand\u00fcbungen)<\/div><div class=\"su-box-content su-u-clearfix su-u-trim\" style=\"border-bottom-left-radius:1px;border-bottom-right-radius:1px\">\n<p>Je 10 Gesamtwiederholungen!<\/p>\n<ol>\n<li>HACHI-JI-DACHI: <strong>SAN-TO-BUN<\/strong> MOCHI-KAE (gleitender Griffwechsel)<\/li>\n<li>HACHI-JI-DACHI: YOKO-<strong>CH\u00dbDAN-TSUKI<br \/>\n<\/strong>MOCHI-KAE\u2192CH\u00dbDAN-TSUKI\u2192MOCHI-KAE\u2192&#8230; (TSUKI-Bewegung: F\u00e4uste drehen!)<\/li>\n<li>HACHI-JI-DACHI: <strong>SH\u00d4MEN-UCHI <\/strong>(gleitende Griffwechsel, keine Ausholbewegung)<br \/>\nHIDARI-SH\u00d4MEN-UCHI-KAMAE\u2192MIGI-SH\u00d4MEN-UCHI\u2192MOCHI-KAE\u2192<br \/>\nMIGI-SH\u00d4MEN-UCHI-KAMAE\u2192HIDARI-SH\u00d4MEN-UCHI\u2192MOCHI-KAE\u2192&#8230;<\/li>\n<li>HACHI-JI-DACHI: <strong>H\u00fcftrotation<\/strong> (1x\u21922x\u21923x + 1x\u21922x\u21923x + &#8230;)<br \/>\n(B\u00d4 steht senkrecht auf dem Boden vor dem K\u00f6rper, B\u00d4 mit beiden H\u00e4nden auf Brusth\u00f6he festhalten. Schultern unbeweglich halten!) 5x links &amp; 5x rechts<\/li>\n<li>HACHI-JI-DACHI: YOKO-<strong>CH\u00dbDAN-TSUKI<\/strong> (mit 3-fach H\u00fcftrotation) 5x links &amp; 5x rechts<\/li>\n<\/ol>\n<\/div><\/div>\n<div class=\"su-box su-box-style-default\" id=\"\" style=\"border-color:#bbbbbb;border-radius:3px\"><div class=\"su-box-title\" style=\"background-color:#eeeeee;color:#000000;border-top-left-radius:1px;border-top-right-radius:1px\">9. KY\u00db - wei\u00dfer G\u00fcrtel mit zwei Streifen (Stellungs- &amp; Schritt\u00fcbungen )<\/div><div class=\"su-box-content su-u-clearfix su-u-trim\" style=\"border-bottom-left-radius:1px;border-bottom-right-radius:1px\">\n<div data-canvas-width=\"11.178239999999999\">Je 5 Wiederholungen links &amp; rechts!<\/div>\n<ol>\n<li data-canvas-width=\"125.229088\"><strong>B\u00d4-NO-KIHON Nr. 2<\/strong><\/li>\n<li data-canvas-width=\"125.229088\">SHIZEN-DACHI: RENRAKU-<strong>SH\u00d4MEN-UCHI<\/strong> (immer 2 Schritte vor bzw. zur\u00fcck)<\/li>\n<li data-canvas-width=\"125.229088\"><strong>NEKO-ASHI-DACHI\u2192SH\u00d4MEN-SHIKO-DACHI<\/strong><br \/>\n(B\u00d4 waagerecht hinter dem R\u00fccken in den Ellbogenbeugen):<br \/>\n\u2192NEKO-ASHI-DACHI (KOSHI SH\u00d4MEN)<br \/>\n\u2192vorderen Fu\u00df vorsetzen in SH\u00d4MEN-SHIKO-DACHI (KOSHI SH\u00d4MEN)<br \/>\n\u2192im Stand H\u00fcfte 45 Grad abdrehen (KOSHI HANMI)<br \/>\n\u2192vorderen Fu\u00df zur\u00fcckziehen in NEKO-ASHI-DACHI (KOSHI SH\u00d4MEN)<br \/>\n\u2192&#8230;<\/li>\n<li data-canvas-width=\"125.229088\"><strong>B\u00d4-NO-KIHON Nr. 1<\/strong><\/li>\n<li data-canvas-width=\"125.229088\"><strong>B\u00d4-NO-KIHON Nr. 3<\/strong><\/li>\n<\/ol>\n<\/div><\/div>\n<div class=\"su-box su-box-style-default\" id=\"\" style=\"border-color:#bbbbbb;border-radius:3px\"><div class=\"su-box-title\" style=\"background-color:#eeeeee;color:#000000;border-top-left-radius:1px;border-top-right-radius:1px\">8. KY\u00db - wei\u00dfer G\u00fcrtel mit drei Streifen (GEDAN-UKE &amp; GEDAN-BARAI)<\/div><div class=\"su-box-content su-u-clearfix su-u-trim\" style=\"border-bottom-left-radius:1px;border-bottom-right-radius:1px\">\n<div data-canvas-width=\"11.178239999999999\">Je 5 Wiederholungen links &amp; rechts!<\/div>\n<div data-canvas-width=\"11.178239999999999\">\n<ol>\n<li data-canvas-width=\"154.17049599999996\">SH\u00d4MEN-SHIKO-DACHI:<strong> GEDAN-BARAI<\/strong> (am Ort ausf\u00fchren)<\/li>\n<li data-canvas-width=\"154.17049599999996\"><strong>CH\u00dbDAN-URA-KAMAE\u2192CH\u00dbDAN-KAMAE<\/strong>: (immer 2 Schritte vor bzw. zur\u00fcck)<br \/>\n\u2192Schritt vor K\u00d4KUTSU-DACHI\u2192Schritt vor SH\u00d4MEN-SHIKO-DACHI<br \/>\n\u2192Schritt zur\u00fcck K\u00d4KUTSU-DACHI\u2192Schritt zur\u00fcck SH\u00d4MEN-SHIKO-DACHI<br \/>\n\u2192&#8230;<\/li>\n<li data-canvas-width=\"154.17049599999996\">K\u00d4KUTSU-DACHI: <strong>GEDAN-UKE<\/strong> (am Ort ausf\u00fchren)<\/li>\n<li data-canvas-width=\"154.17049599999996\">wie 2. + <strong>GEDAN-UKE<\/strong> und <strong>GEDAN-BARAI<\/strong> (immer 2 Schritte vor bzw. zur\u00fcck)<\/li>\n<li data-canvas-width=\"154.17049599999996\">ASHI-KOMI-KAE (Schrittwechsel am Ort):<br \/>\nK\u00d4KUTSU-DACHI + <strong>GEDAN-UKE<\/strong>\u2192SH\u00d4MEN-SHIKO-DACHI + <strong>GEDAN-BARAI<\/strong>\u2192&#8230;<\/li>\n<\/ol>\n<\/div>\n<\/div><\/div>\n<div class=\"su-box su-box-style-default\" id=\"\" style=\"border-color:#bbbbbb;border-radius:3px\"><div class=\"su-box-title\" style=\"background-color:#eeeeee;color:#000000;border-top-left-radius:1px;border-top-right-radius:1px\">7. KY\u00db - wei\u00dfer G\u00fcrtel mit vier Streifen (B\u00d4-NO-KIHON Nr. 4 &amp; 5)<\/div><div class=\"su-box-content su-u-clearfix su-u-trim\" style=\"border-bottom-left-radius:1px;border-bottom-right-radius:1px\">\n<div>Je 5 Wiederholungen links &amp; rechts!<\/div>\n<ol>\n<li>K\u00d4KUTSU-DACHI: <strong>YORI-ASHI GEDAN-NUKI<\/strong> (vorgleiten)<\/li>\n<li>K\u00d4KUTSU-DACHI: <strong>GEDAN-UKE\u2192GEDAN-NUKI<\/strong> (YORI-ASHI)\u2192&#8230;<\/li>\n<li>SH\u00d4MEN-SHIKO-DACHI: <strong>CH\u00dbDAN-KAMAE\u2192GEDAN-BARAI-KAMAE\u2192<\/strong><br \/>\n<strong>GEDAN-BARAI\u2192SH\u00d4MEN-UCHI-KAMAE<\/strong> (NEKO-ASHI-DACHI)\u2192<strong>SH\u00d4MEN-UCHI\u2192<\/strong><br \/>\n<strong>CH\u00dbDAN-TSUKI\u2192CH\u00dbDAN-KAMAE<\/strong>\u2192&#8230;<\/li>\n<li><strong>B\u00d4-NO-KIHON Nr. 4<\/strong><\/li>\n<li><strong>B\u00d4-NO-KIHON Nr. 5<\/strong><\/li>\n<\/ol>\n<\/div><\/div>\n<div class=\"su-box su-box-style-default\" id=\"\" style=\"border-color:#bbbbbb;border-radius:3px\"><div class=\"su-box-title\" style=\"background-color:#eeeeee;color:#000000;border-top-left-radius:1px;border-top-right-radius:1px\">6. KY\u00db - wei\u00dfer G\u00fcrtel mit f\u00fcnf Streifen (SH\u00dbSHI-NO-KUN (SH\u00d4) - Sequenzen)<\/div><div class=\"su-box-content su-u-clearfix su-u-trim\" style=\"border-bottom-left-radius:1px;border-bottom-right-radius:1px\">\n<div>Je 5 Wiederholungen (au\u00dfer Nr. 4 nur 2 Wiederholungen)!<\/div>\n<ol>\n<li><strong>Sequenz #1: KATA-Technik 2.-3. (CH\u00dbDAN-TSUKI)<\/strong><br \/>\nHACHI-JI-DACHI\u2192YOKO-SHIKO-DACHI\u2192\u00d4-KUTSU-DACHI\u2192&#8230;<\/li>\n<li><strong>Sequenz #2: KATA-Technik 4.-6.<\/strong><br \/>\n<strong>GEDAN-UKE-KAMAE<\/strong> (ausweichen)\u2192<strong>GEDAN-UKE<\/strong>\u2192<strong>GEDAN-NUKI<\/strong><br \/>\n(YORI-ASHI)\u2192HIDARI-<strong>TATE-UKE<\/strong> (linke Hand oben)\u2192MIGI-<strong>MAWARU<\/strong>\u2192MIGI-<strong>TATE-UKE<\/strong> (linke Hand oben)\u2192&#8230;<\/li>\n<li><strong>Sequenz #3: KATA-Technik 6.-10.<\/strong><br \/>\nMIGI-<strong>TATE-UKE<\/strong> (linke Hand oben) + <strong>B\u00d4-NO-KIHON Nr. 3<\/strong>\u2192&#8230;\u00a0 (im Stand, nur rechts vorn)<\/li>\n<li><strong>Sequenz #4: KATA-Technik 11.-19.<\/strong><br \/>\nA) HEISOKU-DACHI: <strong>J\u00d4DAN-UCHI<\/strong> (URA)<br \/>\nB) Schritt vor HIDARI-NANAME-MUSUBI-DACHI: <strong>SH\u00d4MEN-UCHI<\/strong><br \/>\nC) linken Fu\u00df zur\u00fcck in MIGI-ZENKUTSU-DACHI: <strong>CH\u00dbDAN-SOTO-UKE<\/strong><br \/>\nA) &#8211; C) 3x wiederholen<br \/>\n180 Grad links herum wenden, linken Fu\u00df zur\u00fcckziehen in Position A)<br \/>\nA) &#8211; C) 3x wiederhole<\/li>\n<\/ol>\n<\/div><\/div>\n","protected":false},"excerpt":{"rendered":"<p>Pr\u00fcfer f\u00fcr Kinderpr\u00fcfungen m\u00fcssen wenigstens den 1. DAN im Ry\u00fbky\u00fb Kobud\u00f4 Tesshinkan innehaben. Kinderpr\u00fcfungen sind D\u00f4j\u00f4-intern und dem Verband nicht nachweispflichtig. Kinderpr\u00fcfungen sind kostenlos. Pro Pr\u00fcfung kann aber eine Pr\u00fcfer- \/ Urkundengeb\u00fchr in H\u00f6he bis 10,00 Euro erhoben werden. Die spezielle Urkunde f\u00fcr Kinderpr\u00fcfungen (A4-Format) steht als freier Download zur Verf\u00fcgung. Der erreichte KY\u00db-Grad wird &#8230; <a title=\"Pr\u00fcfungsprogramm f\u00fcr Kinder\" class=\"read-more\" href=\"https:\/\/kobudo-tesshinkan.eu\/index.php\/de\/ueber-ryukyu-kobudo-tesshinkan\/pruefungswesen\/pruefungsprogramm-fuer-kinder\/\" aria-label=\"Mehr Informationen \u00fcber Pr\u00fcfungsprogramm f\u00fcr Kinder\">Weiterlesen<\/a><\/p>\n","protected":false},"author":1,"featured_media":0,"parent":295,"menu_order":0,"comment_status":"closed","ping_status":"closed","template":"","meta":{"footnotes":""},"_links":{"self":[{"href":"https:\/\/kobudo-tesshinkan.eu\/index.php\/wp-json\/wp\/v2\/pages\/767"}],"collection":[{"href":"https:\/\/kobudo-tesshinkan.eu\/index.php\/wp-json\/wp\/v2\/pages"}],"about":[{"href":"https:\/\/kobudo-tesshinkan.eu\/index.php\/wp-json\/wp\/v2\/types\/page"}],"author":[{"embeddable":true,"href":"https:\/\/kobudo-tesshinkan.eu\/index.php\/wp-json\/wp\/v2\/users\/1"}],"replies":[{"embeddable":true,"href":"https:\/\/kobudo-tesshinkan.eu\/index.php\/wp-json\/wp\/v2\/comments?post=767"}],"version-history":[{"count":16,"href":"https:\/\/kobudo-tesshinkan.eu\/index.php\/wp-json\/wp\/v2\/pages\/767\/revisions"}],"predecessor-version":[{"id":7341,"href":"https:\/\/kobudo-tesshinkan.eu\/index.php\/wp-json\/wp\/v2\/pages\/767\/revisions\/7341"}],"up":[{"embeddable":true,"href":"https:\/\/kobudo-tesshinkan.eu\/index.php\/wp-json\/wp\/v2\/pages\/295"}],"wp:attachment":[{"href":"https:\/\/kobudo-tesshinkan.eu\/index.php\/wp-json\/wp\/v2\/media?parent=767"}],"curies":[{"name":"wp","href":"https:\/\/api.w.org\/{rel}","templated":true}]}}