{"id":6257,"date":"2022-03-27T22:24:40","date_gmt":"2022-03-27T20:24:40","guid":{"rendered":"https:\/\/kobudo-tesshinkan.eu\/?page_id=6257"},"modified":"2025-10-06T16:09:29","modified_gmt":"2025-10-06T14:09:29","slug":"shibu-cho-for-europe-verantwortlicher-fuer-europa","status":"publish","type":"page","link":"https:\/\/kobudo-tesshinkan.eu\/index.php\/de\/shibu-cho-for-europe-verantwortlicher-fuer-europa\/","title":{"rendered":"Shibu-Ch\u00f4 f\u00fcr Europa"},"content":{"rendered":"\n<p class=\"has-medium-font-size\">(Verantwortlicher f\u00fcr Europa)<\/p>\n\n\n<p><a href=\"https:\/\/kobudo-tesshinkan.eu\/wp-content\/uploads\/2024\/09\/Pelny.png\"><img loading=\"lazy\" decoding=\"async\" class=\"wp-image-6262 size-medium alignleft\" src=\"https:\/\/kobudo-tesshinkan.eu\/wp-content\/uploads\/2024\/09\/Pelny.png\" alt=\"\" width=\"283\" height=\"425\" \/><\/a><\/p>\n<h2>&#8222;Ein akurater Meister&#8220;<\/h2>\n<p>FRANK PELNY wurde am 14. September 1960 in Nordhausen \/ Deutschland geboren. Nordhausen ist eine Stadt am S\u00fcdrand des Mittelgebirges Harz und liegt im Bundesland Th\u00fcringen. Vor 1989 geh\u00f6rte dieses Gebiet zur DDR.<\/p>\n<p>Mit 14 Jahren begann er mit Jud\u014d und 1981, im Rahmen seiner milit\u00e4rischen Ausbildung, mit Sh\u014dt\u014dkan-Karate sowie Milit\u00e4rischen Nahkampf. Insgesamt diente er 10 Jahre als Offizier in verschiedenen milit\u00e4rischen Spezialeinheiten der NVA (Nationale Volksarmee) der DDR (Deutsche Demokratische Republik).<\/p>\n<p>1994 begann Pelny Sensei zus\u00e4tzlich mit dem Kobud\u014d-Training (Gendai Goshin Kobu-Jutsu). 2001 wechselte er zum Ry\u016bky\u016b Kobud\u014d Tesshinkan und ist seitdem ein pers\u00f6nlicher Sch\u00fcler von Tamayose Hidemi Sensei.<\/p>\n<p>Ab 2004 \u00fcbernahm er die Rolle des technischen Direktors im Ry\u016bky\u016b Kobud\u014d Tesshinkan \u2013 Europa und betreut seitdem die Tesshinkan-D\u014dj\u014d in Europa, Teilen Asiens und Lateinamerikas. 2018 wurde er offiziell als Shibu-Ch\u014d (Zweigstellenleiter) f\u00fcr die D\u014dj\u014d in Europa autorisiert.<\/p>\n<p>2007 folgten erste Auslandseminare, auf denen er das Tesshinkan in der Russischen F\u00f6deration, sp\u00e4ter auch in Kanada, Belorussland, Sri Lanka und Brasilien, lehrte.<\/p>\n<p>Bereits mehr als zehn Mal war Pelny Sensei in den letzten Jahren zu Trainingsaufenthalten auf Okinawa und startete auch bei sechs World-Tournaments. Seine besten Platzierungen erreichte er mit den Vizeweltmeistertiteln beim \u201e2015 Okinawa Traditional Kobud\u014d World Tournament\u201c in der Kategorie B\u00f4 senior und beim \u201e2024 Okinawa Traditional Kobud\u014d World Tournament\u201c in der Kategorie Sai senior.<\/p>\n<p>2020 bestand Pelny Sensei bei Tamayose Hidemi Sensei auf Okinawa den 6. Dan im Ry\u016bky\u016b Kobud\u014d Tesshinkan und 2025 den 8. Dan im Karate-D\u014d Sh\u014dt\u014dkan-Ry\u016b im Deutschen Karate Verband.<\/p>\n<p>Insbesondere seine Fachbuchver\u00f6ffentlichungen und der YouTube-Kanal zum Thema Ry\u016bky\u016b Kobud\u014d Tesshinkan brachten ihm weltweite Anerkennung. Es ist die derzeit umfangreichste Dokumentation eines Ry\u016bky\u016b Kobud\u014d Systems.<\/p>\n<p>2018 w\u00fcrdigte Tamayose Hidemi Sensei das Engagement von Frank Pelny mit der Verleihung des Shihan-Menkyo (Lehrmeister-Diplom).<\/p>\n<p>Au\u00dferdem wurde Pelny 2015 durch den \u201eOkinawa Ken Kobud\u00f4 Renmei\u201c mit einer Ehrenurkunde ausgezeichnet und ebenfalls 2019 durch den \u201eRy\u00fbky\u00fb Kobud\u00f4 Tesshinkan Ky\u014d Kai\u201c.<\/p>","protected":false},"excerpt":{"rendered":"<p>(Verantwortlicher f\u00fcr Europa) &#8222;Ein akurater Meister&#8220; FRANK PELNY wurde am 14. September 1960 in Nordhausen \/ Deutschland geboren. Nordhausen ist eine Stadt am S\u00fcdrand des Mittelgebirges Harz und liegt im Bundesland Th\u00fcringen. Vor 1989 geh\u00f6rte dieses Gebiet zur DDR. Mit 14 Jahren begann er mit Jud\u014d und 1981, im Rahmen seiner milit\u00e4rischen Ausbildung, mit Sh\u014dt\u014dkan-Karate &#8230; <a title=\"Shibu-Ch\u00f4 f\u00fcr Europa\" class=\"read-more\" href=\"https:\/\/kobudo-tesshinkan.eu\/index.php\/de\/shibu-cho-for-europe-verantwortlicher-fuer-europa\/\" aria-label=\"Mehr Informationen \u00fcber Shibu-Ch\u00f4 f\u00fcr Europa\">Weiterlesen<\/a><\/p>\n","protected":false},"author":4,"featured_media":0,"parent":0,"menu_order":0,"comment_status":"closed","ping_status":"closed","template":"","meta":{"footnotes":""},"_links":{"self":[{"href":"https:\/\/kobudo-tesshinkan.eu\/index.php\/wp-json\/wp\/v2\/pages\/6257"}],"collection":[{"href":"https:\/\/kobudo-tesshinkan.eu\/index.php\/wp-json\/wp\/v2\/pages"}],"about":[{"href":"https:\/\/kobudo-tesshinkan.eu\/index.php\/wp-json\/wp\/v2\/types\/page"}],"author":[{"embeddable":true,"href":"https:\/\/kobudo-tesshinkan.eu\/index.php\/wp-json\/wp\/v2\/users\/4"}],"replies":[{"embeddable":true,"href":"https:\/\/kobudo-tesshinkan.eu\/index.php\/wp-json\/wp\/v2\/comments?post=6257"}],"version-history":[{"count":13,"href":"https:\/\/kobudo-tesshinkan.eu\/index.php\/wp-json\/wp\/v2\/pages\/6257\/revisions"}],"predecessor-version":[{"id":7438,"href":"https:\/\/kobudo-tesshinkan.eu\/index.php\/wp-json\/wp\/v2\/pages\/6257\/revisions\/7438"}],"wp:attachment":[{"href":"https:\/\/kobudo-tesshinkan.eu\/index.php\/wp-json\/wp\/v2\/media?parent=6257"}],"curies":[{"name":"wp","href":"https:\/\/api.w.org\/{rel}","templated":true}]}}