{"id":38,"date":"2015-09-09T14:11:50","date_gmt":"2015-09-09T12:11:50","guid":{"rendered":"http:\/\/tesshinkan.ddns.net\/tesshinkan-wp\/?page_id=38"},"modified":"2023-03-06T14:15:27","modified_gmt":"2023-03-06T13:15:27","slug":"style-founder","status":"publish","type":"page","link":"https:\/\/kobudo-tesshinkan.eu\/index.php\/en\/about-ryukyu-kobudo-tesshinkan\/style-founder\/","title":{"rendered":"Style Founder"},"content":{"rendered":"<p><img loading=\"lazy\" decoding=\"async\" class=\"size-full wp-image-284 alignleft\" src=\"https:\/\/kobudo-tesshinkan.eu\/wp-content\/uploads\/2015\/08\/tamayose3.gif\" alt=\"tamayose3\" width=\"283\" height=\"425\" \/><\/p>\n<h2>&#8222;A Quiet Master&#8220;<\/h2>\n<p>HIDEMI TAMAYOSE was born in July 14, 1949, on IKEMA-JIMA, a little Island in the north-west of MIYAKO Island, south of Okinawa, as the third child to a family of eleven children. At sixteen years of age he moved to Okinawa and upon graduating from the University of Okinawa, TAMAYOSE began teaching at a high school. In 1975 he married his lovely wife MASAKO, also from MIYAKO Island, and they are both teachers in SHIMAJIRI-GUN (southern) Okinawa where he resides with his wonderful family.<\/p>\n<p>His formal KARATE training began in 1967 under MATSUBAYASHI-SHORIN-RY\u00db SENSEI, SHIMA MASAO in KANZATOBARU, NAHA-City. In 1975 he changed to KOBAYASHI-SHORIN-RY\u00db under NAKAMURA SEIYU SENSEI who also taught him the weapons of RY\u00dbKY\u00db KOBUD\u00d4.<\/p>\n<p>In 1982 TAMAYOSE began to study directly under AKAMINE EISUKE SENSEI at the RY\u00dbKY\u00db-KOBUD\u00d4-HOZON-SHINK\u00d4-KAI HONBU in NESABU, TOMIGUSUKU. As one of the senior students, he was ranked 7th DAN by AKAMINE SENSEI and 8th DAN by the All Okinawan KARATE KOBUD\u00d4 Association and served as chairman of the board of directors of the HOZON-SHINK\u00d4-KAI until the death of AKAMINE SENSEI in 1999. He is currently the Secretary General of the OKINAWA-KEN-KARATED\u00d4-RENGO-KAI. He was one of the prime organizers of the 1997 Okinawa World KARATE Tournament, and somehow, this humble man also found time to serve as the vice president of the Okinawan Child Development Association (KODOMO-KAI) till 2005.<\/p>\n<p>In June 2005, he was awarded the 9th DAN and the title HANSHI. On December 19, 2015, he was awarded 10th DAN by the &#8222;OKINAWA KEN KOBUD\u00d4 RENMEI&#8220;.<\/p>\n<p>On January 7th, 2023 he was also honored by the &#8222;OKINAWA KEN KARATE D\u00d4 RENGO KAI&#8220; with the 10th DAN and the title HANSHI in Karate-D\u00f4.<\/p>\n<p>In 1992 TAMAYOSE SENSEI began teaching KOBUD\u00d4 seminars in Canada and the U.S. and now teaches at summer camps on regular basis there. Since 2002, he has been teaching in Europe as well. TAMAYOSE&#8217;s aim is to promote correct RY\u00dbKY\u00db KOBUD\u00d4 throughout the world. Tirelessly teaching the syllabus of 23 KATA, KIHON, history and KUMITE with perfect form and incredible power, this quiet Okinawan Master is rapidly gaining international acclaim. His shy sincerity and teaching style are perhaps the key to his popularity and respect among his peers in the Okinawan KARATE and KOBUD\u00d4 community.<\/p>\n","protected":false},"excerpt":{"rendered":"<p>&#8222;A Quiet Master&#8220; HIDEMI TAMAYOSE was born in July 14, 1949, on IKEMA-JIMA, a little Island in the north-west of MIYAKO Island, south of Okinawa, as the third child to a family of eleven children. At sixteen years of age he moved to Okinawa and upon graduating from the University of Okinawa, TAMAYOSE began teaching &#8230; <a title=\"Style Founder\" class=\"read-more\" href=\"https:\/\/kobudo-tesshinkan.eu\/index.php\/en\/about-ryukyu-kobudo-tesshinkan\/style-founder\/\" aria-label=\"Mehr Informationen \u00fcber Style Founder\">Weiterlesen<\/a><\/p>\n","protected":false},"author":1,"featured_media":0,"parent":27,"menu_order":0,"comment_status":"open","ping_status":"open","template":"","meta":{"footnotes":""},"_links":{"self":[{"href":"https:\/\/kobudo-tesshinkan.eu\/index.php\/wp-json\/wp\/v2\/pages\/38"}],"collection":[{"href":"https:\/\/kobudo-tesshinkan.eu\/index.php\/wp-json\/wp\/v2\/pages"}],"about":[{"href":"https:\/\/kobudo-tesshinkan.eu\/index.php\/wp-json\/wp\/v2\/types\/page"}],"author":[{"embeddable":true,"href":"https:\/\/kobudo-tesshinkan.eu\/index.php\/wp-json\/wp\/v2\/users\/1"}],"replies":[{"embeddable":true,"href":"https:\/\/kobudo-tesshinkan.eu\/index.php\/wp-json\/wp\/v2\/comments?post=38"}],"version-history":[{"count":4,"href":"https:\/\/kobudo-tesshinkan.eu\/index.php\/wp-json\/wp\/v2\/pages\/38\/revisions"}],"predecessor-version":[{"id":6677,"href":"https:\/\/kobudo-tesshinkan.eu\/index.php\/wp-json\/wp\/v2\/pages\/38\/revisions\/6677"}],"up":[{"embeddable":true,"href":"https:\/\/kobudo-tesshinkan.eu\/index.php\/wp-json\/wp\/v2\/pages\/27"}],"wp:attachment":[{"href":"https:\/\/kobudo-tesshinkan.eu\/index.php\/wp-json\/wp\/v2\/media?parent=38"}],"curies":[{"name":"wp","href":"https:\/\/api.w.org\/{rel}","templated":true}]}}