{"id":325,"date":"2016-03-26T22:46:42","date_gmt":"2016-03-26T21:46:42","guid":{"rendered":"http:\/\/tesshinkan.ddns.net\/tesshinkan-wp\/?page_id=325"},"modified":"2016-03-26T22:47:03","modified_gmt":"2016-03-26T21:47:03","slug":"325-2","status":"publish","type":"page","link":"https:\/\/kobudo-tesshinkan.eu\/index.php\/en\/about-ryukyu-kobudo-tesshinkan\/325-2\/","title":{"rendered":"10 Rules"},"content":{"rendered":"<h2>of Ryukyu Kobudo Tesshikan<\/h2>\n<ol>\n<li>Always respect others and maintain proper etiquette.<\/li>\n<li>Always be honest.<\/li>\n<li>Respect the individualities of others.<\/li>\n<li>Do not criticize others , put more effort into training.<\/li>\n<li>Respect your elders and seniors.<\/li>\n<li>Do not make excuses.<\/li>\n<li>The dojo is a place to train the mind and body, it must be kept orderly and clean.<\/li>\n<li>Take responsibility and pride in your achievements<\/li>\n<li>Endeavour to develop the mind, technique, and a body through training. Particularly, cultivate your mind to become a valuable person for society.<\/li>\n<li>Tesshinkan is a family. Work together to develop growth.<\/li>\n<\/ol>\n<p style=\"text-align: center;\">Tamayose Hidemi, KAICH\u00d4<br \/>\nRY\u00dbKY\u00db KOBUD\u00d4 TESSHINKAN KY\u00d4 KAI<\/p>\n<p style=\"text-align: center;\"><a href=\"https:\/\/kobudo-tesshinkan.eu\/wp-content\/uploads\/2016\/03\/10-Rules-of-Tesshinkan.jpg\" rel=\"attachment wp-att-313\"><img loading=\"lazy\" decoding=\"async\" class=\"size-full wp-image-313 aligncenter\" src=\"https:\/\/kobudo-tesshinkan.eu\/wp-content\/uploads\/2016\/03\/10-Rules-of-Tesshinkan.jpg\" alt=\"10 Rules of Tesshinkan\" width=\"1007\" height=\"1533\" srcset=\"https:\/\/kobudo-tesshinkan.eu\/wp-content\/uploads\/2016\/03\/10-Rules-of-Tesshinkan.jpg 1007w, https:\/\/kobudo-tesshinkan.eu\/wp-content\/uploads\/2016\/03\/10-Rules-of-Tesshinkan-197x300.jpg 197w, https:\/\/kobudo-tesshinkan.eu\/wp-content\/uploads\/2016\/03\/10-Rules-of-Tesshinkan-400x609.jpg 400w, https:\/\/kobudo-tesshinkan.eu\/wp-content\/uploads\/2016\/03\/10-Rules-of-Tesshinkan-673x1024.jpg 673w\" sizes=\"(max-width: 1007px) 100vw, 1007px\" \/><\/a><\/p>\n","protected":false},"excerpt":{"rendered":"<p>of Ryukyu Kobudo Tesshikan Always respect others and maintain proper etiquette. Always be honest. Respect the individualities of others. Do not criticize others , put more effort into training. Respect your elders and seniors. Do not make excuses. The dojo is a place to train the mind and body, it must be kept orderly and &#8230; <a title=\"10 Rules\" class=\"read-more\" href=\"https:\/\/kobudo-tesshinkan.eu\/index.php\/en\/about-ryukyu-kobudo-tesshinkan\/325-2\/\" aria-label=\"Mehr Informationen \u00fcber 10 Rules\">Weiterlesen<\/a><\/p>\n","protected":false},"author":1,"featured_media":0,"parent":27,"menu_order":0,"comment_status":"closed","ping_status":"closed","template":"","meta":{"footnotes":""},"_links":{"self":[{"href":"https:\/\/kobudo-tesshinkan.eu\/index.php\/wp-json\/wp\/v2\/pages\/325"}],"collection":[{"href":"https:\/\/kobudo-tesshinkan.eu\/index.php\/wp-json\/wp\/v2\/pages"}],"about":[{"href":"https:\/\/kobudo-tesshinkan.eu\/index.php\/wp-json\/wp\/v2\/types\/page"}],"author":[{"embeddable":true,"href":"https:\/\/kobudo-tesshinkan.eu\/index.php\/wp-json\/wp\/v2\/users\/1"}],"replies":[{"embeddable":true,"href":"https:\/\/kobudo-tesshinkan.eu\/index.php\/wp-json\/wp\/v2\/comments?post=325"}],"version-history":[{"count":2,"href":"https:\/\/kobudo-tesshinkan.eu\/index.php\/wp-json\/wp\/v2\/pages\/325\/revisions"}],"predecessor-version":[{"id":328,"href":"https:\/\/kobudo-tesshinkan.eu\/index.php\/wp-json\/wp\/v2\/pages\/325\/revisions\/328"}],"up":[{"embeddable":true,"href":"https:\/\/kobudo-tesshinkan.eu\/index.php\/wp-json\/wp\/v2\/pages\/27"}],"wp:attachment":[{"href":"https:\/\/kobudo-tesshinkan.eu\/index.php\/wp-json\/wp\/v2\/media?parent=325"}],"curies":[{"name":"wp","href":"https:\/\/api.w.org\/{rel}","templated":true}]}}