{"id":311,"date":"2016-03-26T22:12:24","date_gmt":"2016-03-26T21:12:24","guid":{"rendered":"http:\/\/tesshinkan.ddns.net\/tesshinkan-wp\/?page_id=311"},"modified":"2017-05-08T21:20:34","modified_gmt":"2017-05-08T19:20:34","slug":"10-regeln","status":"publish","type":"page","link":"https:\/\/kobudo-tesshinkan.eu\/index.php\/de\/verband\/10-regeln\/","title":{"rendered":"10 Regeln"},"content":{"rendered":"<h2>des Ryukyu Kobudo Tesshikan<\/h2>\n<ol>\n<li>Respektiere immer auch die anderen und bewahre die korrekten Etikette!<\/li>\n<li>Sei jederzeit aufrichtig!<\/li>\n<li>Respektiere die Individualit\u00e4t der anderen!<\/li>\n<li>Kritisiere nicht andere &#8211; strenge dich selber im Training mehr an!<\/li>\n<li>Respektiere die \u00c4lteren und Fortgeschrittenen!<\/li>\n<li>Suche keine Ausreden!<\/li>\n<li>Das D\u00d4J\u00d4 ist ein Ort zur Schulung von K\u00f6rper und Geist &#8211; halte es ordentlich und sauber!<\/li>\n<li>\u00dcbernimm Verantwortung und sei stolz auf deine Leistungen!<\/li>\n<li>Bem\u00fche dich K\u00f6rper, Geist und Technik mittels Training zu entwickeln! Besonders wichtig ist die Entwicklung des Geistes, sie macht dich zu einer f\u00fcr die Gesellschaft wertvollen Person.<\/li>\n<li>Der Tesshinkan ist eine Familie. Arbeitet alle zusammen, um ein Wachstum zu erreichen!<\/li>\n<\/ol>\n<p style=\"text-align: center;\">Tamayose Hidemi, KAICH\u00d4<br \/>\nRY\u00dbKY\u00db KOBUD\u00d4 TESSHINKAN KY\u00d4 KAI<\/p>\n<p style=\"text-align: center;\"><a href=\"https:\/\/kobudo-tesshinkan.eu\/wp-content\/uploads\/2016\/03\/10-Rules-of-Tesshinkan.jpg\" rel=\"attachment wp-att-313\"><img loading=\"lazy\" decoding=\"async\" class=\"size-full wp-image-313 aligncenter\" src=\"https:\/\/kobudo-tesshinkan.eu\/wp-content\/uploads\/2016\/03\/10-Rules-of-Tesshinkan.jpg\" alt=\"10 Rules of Tesshinkan\" width=\"1007\" height=\"1533\" srcset=\"https:\/\/kobudo-tesshinkan.eu\/wp-content\/uploads\/2016\/03\/10-Rules-of-Tesshinkan.jpg 1007w, https:\/\/kobudo-tesshinkan.eu\/wp-content\/uploads\/2016\/03\/10-Rules-of-Tesshinkan-197x300.jpg 197w, https:\/\/kobudo-tesshinkan.eu\/wp-content\/uploads\/2016\/03\/10-Rules-of-Tesshinkan-400x609.jpg 400w, https:\/\/kobudo-tesshinkan.eu\/wp-content\/uploads\/2016\/03\/10-Rules-of-Tesshinkan-673x1024.jpg 673w\" sizes=\"(max-width: 1007px) 100vw, 1007px\" \/><\/a><\/p>\n","protected":false},"excerpt":{"rendered":"<p>des Ryukyu Kobudo Tesshikan Respektiere immer auch die anderen und bewahre die korrekten Etikette! Sei jederzeit aufrichtig! Respektiere die Individualit\u00e4t der anderen! Kritisiere nicht andere &#8211; strenge dich selber im Training mehr an! Respektiere die \u00c4lteren und Fortgeschrittenen! Suche keine Ausreden! Das D\u00d4J\u00d4 ist ein Ort zur Schulung von K\u00f6rper und Geist &#8211; halte es &#8230; <a title=\"10 Regeln\" class=\"read-more\" href=\"https:\/\/kobudo-tesshinkan.eu\/index.php\/de\/verband\/10-regeln\/\" aria-label=\"Mehr Informationen \u00fcber 10 Regeln\">Weiterlesen<\/a><\/p>\n","protected":false},"author":1,"featured_media":0,"parent":974,"menu_order":4,"comment_status":"closed","ping_status":"closed","template":"","meta":{"footnotes":""},"_links":{"self":[{"href":"https:\/\/kobudo-tesshinkan.eu\/index.php\/wp-json\/wp\/v2\/pages\/311"}],"collection":[{"href":"https:\/\/kobudo-tesshinkan.eu\/index.php\/wp-json\/wp\/v2\/pages"}],"about":[{"href":"https:\/\/kobudo-tesshinkan.eu\/index.php\/wp-json\/wp\/v2\/types\/page"}],"author":[{"embeddable":true,"href":"https:\/\/kobudo-tesshinkan.eu\/index.php\/wp-json\/wp\/v2\/users\/1"}],"replies":[{"embeddable":true,"href":"https:\/\/kobudo-tesshinkan.eu\/index.php\/wp-json\/wp\/v2\/comments?post=311"}],"version-history":[{"count":6,"href":"https:\/\/kobudo-tesshinkan.eu\/index.php\/wp-json\/wp\/v2\/pages\/311\/revisions"}],"predecessor-version":[{"id":318,"href":"https:\/\/kobudo-tesshinkan.eu\/index.php\/wp-json\/wp\/v2\/pages\/311\/revisions\/318"}],"up":[{"embeddable":true,"href":"https:\/\/kobudo-tesshinkan.eu\/index.php\/wp-json\/wp\/v2\/pages\/974"}],"wp:attachment":[{"href":"https:\/\/kobudo-tesshinkan.eu\/index.php\/wp-json\/wp\/v2\/media?parent=311"}],"curies":[{"name":"wp","href":"https:\/\/api.w.org\/{rel}","templated":true}]}}