{"id":1241,"date":"2017-03-05T18:34:42","date_gmt":"2017-03-05T17:34:42","guid":{"rendered":"http:\/\/tesshinkan.ddns.net\/tesshinkan-wp\/?page_id=1241"},"modified":"2025-04-16T10:48:31","modified_gmt":"2025-04-16T08:48:31","slug":"kyu-examination-requirements","status":"publish","type":"page","link":"https:\/\/kobudo-tesshinkan.eu\/index.php\/en\/about-ryukyu-kobudo-tesshinkan\/examinations\/kyu-examination-requirements\/","title":{"rendered":"Kyu examination requirements"},"content":{"rendered":"<h2><\/h2>\n<div class=\"su-box su-box-style-default\" id=\"\" style=\"border-color:#cccc00;border-radius:3px\"><div class=\"su-box-title\" style=\"background-color:#ffff00;color:#000000;border-top-left-radius:1px;border-top-right-radius:1px\">5th (GO) DAN - Yellow belt<\/div><div class=\"su-box-content su-u-clearfix su-u-trim\" style=\"border-bottom-left-radius:1px;border-bottom-right-radius:1px\">\n<ul>\n<li><strong>Requirement:<\/strong> min. 3 months of practise<\/li>\n<li><strong>Theoretical topic:<\/strong> history of RY\u00dbKY\u00db KOBUD\u00d4<\/li>\n<li><strong>KIHON: <\/strong>B\u00d4-NO-KIHON no. 1 &#8211; 5 (6x right\/left each)<\/li>\n<li><strong>KATA:<\/strong> SH\u00dbSHI-NO-KUN (SH\u00d4), 1st half (no. 1-19)<\/li>\n<li><b>KUMITE<\/b>: KUMIB\u00d4 (2x right\/left each)\n<ul>\n<li>KIHON no. 3<\/li>\n<li>KIHON no. 4<\/li>\n<li>KIHON no. 5<\/li>\n<\/ul>\n<\/li>\n<\/ul>\n<\/div><\/div>\n<div class=\"su-box su-box-style-default\" id=\"\" style=\"border-color:#cc6600;border-radius:3px\"><div class=\"su-box-title\" style=\"background-color:#ff9900;color:#000000;border-top-left-radius:1px;border-top-right-radius:1px\">4th (YON) KY\u00db - Orange belt<\/div><div class=\"su-box-content su-u-clearfix su-u-trim\" style=\"border-bottom-left-radius:1px;border-bottom-right-radius:1px\">\n<ul>\n<li><strong>Requirement:<\/strong> min. 3 months of practise<\/li>\n<li><strong>Theoretical topic:<\/strong> history of TESSHINKAN KY\u00d4KAI<\/li>\n<li><strong>KIHON: <\/strong>B\u00d4-NO-KIHON\n<ul>\n<li>no. 1 &#8211; 5 (2x right\/left each)<\/li>\n<li>no. 6 &#8211; 10 (6x right\/left each)<\/li>\n<\/ul>\n<\/li>\n<li><strong>KATA:<\/strong> <a href=\"http:\/\/www.youtube.com\/watch?v=XJmKWmQOnlg&amp;list=PL56BEA5DD954AAD7E\">SH\u00dbSHI-NO-KUN (SH\u00d4)<\/a><\/li>\n<li><b>KUMITE<\/b>: KUMIB\u00d4 (2x right\/left each)\n<ul>\n<li>KIHON no. 7<\/li>\n<li>KIHON no. 9<\/li>\n<li>KIHON no. 10<\/li>\n<\/ul>\n<\/li>\n<\/ul>\n<\/div><\/div>\n<div class=\"su-box su-box-style-default\" id=\"\" style=\"border-color:#00cc00;border-radius:3px\"><div class=\"su-box-title\" style=\"background-color:#00ff00;color:#000000;border-top-left-radius:1px;border-top-right-radius:1px\"><b>3rd (SAN) KY\u00db<\/b> - Green belt<\/div><div class=\"su-box-content su-u-clearfix su-u-trim\" style=\"border-bottom-left-radius:1px;border-bottom-right-radius:1px\">\n<ul>\n<li><strong>Requirement:<\/strong> min. 3 months of practise<\/li>\n<li><strong>Theoretical topic:<\/strong> terminology of B\u00d4 techniques<\/li>\n<li><strong>KIHON: <\/strong>B\u00d4-NO-KIHON\n<ul>\n<li>no. 1 &#8211; 10 (extract, 2x right\/left each)<\/li>\n<li><a href=\"http:\/\/www.youtube.com\/watch?v=ac4rZuScJvg&amp;list=PL56BEA5DD954AAD7E&amp;index=23\">TEKK\u00d4-NO-KIHON<\/a><\/li>\n<\/ul>\n<\/li>\n<li><strong>KATA:<\/strong> <a href=\"http:\/\/www.youtube.com\/watch?v=XJmKWmQOnlg&amp;list=PL56BEA5DD954AAD7E\">SH\u00dbSHI-NO-KUN (SH\u00d4)<\/a><\/li>\n<li><b>KUMITE<\/b>: KUMIB\u00d4, SH\u00dbSHI-NO-KUN (SH\u00d4) BUNKAI\n<ul>\n<li>no. 6b) &#8211; 10<\/li>\n<li>no. 12 &#8211; 14<\/li>\n<li>no. 32 &#8211; 33<\/li>\n<\/ul>\n<\/li>\n<\/ul>\n<\/div><\/div>\n<div class=\"su-box su-box-style-default\" id=\"\" style=\"border-color:#0000cc;border-radius:3px\"><div class=\"su-box-title\" style=\"background-color:#0000ff;color:#000000;border-top-left-radius:1px;border-top-right-radius:1px\"><b>2nd (NI) KY\u00db<\/b> - Blue belt<\/div><div class=\"su-box-content su-u-clearfix su-u-trim\" style=\"border-bottom-left-radius:1px;border-bottom-right-radius:1px\">\n<ul>\n<li><strong>Requirement:<\/strong> min. 3 months of practise<\/li>\n<li><strong>Theoretical topic:<\/strong> terminology of TEKK\u00d4 techniques<\/li>\n<li><strong>KIHON:<\/strong>\n<ul>\n<li>B\u00d4-NO-KIHON (2x right\/left each)<\/li>\n<li><a href=\"http:\/\/www.youtube.com\/watch?v=etx72h7Hnsg&amp;list=PL56BEA5DD954AAD7E\">NUNCHAKU-NO-KIHON<\/a><\/li>\n<\/ul>\n<\/li>\n<li><strong>KATA:<\/strong> <a href=\"http:\/\/www.youtube.com\/watch?v=e7SCDx6VgB8\">MAEZATO-NO-TEKK\u00d4<\/a><\/li>\n<li><b>KUMITE<\/b>: MAEZATO-NO-TEKK\u00d4 BUNKAI\n<ul>\n<li>no. 1b)<\/li>\n<li>no. 11 &#8211; 15<\/li>\n<li>no. 23 &#8211; 27<\/li>\n<\/ul>\n<\/li>\n<\/ul>\n<\/div><\/div>\n<div class=\"su-box su-box-style-default\" id=\"\" style=\"border-color:#581200;border-radius:3px\"><div class=\"su-box-title\" style=\"background-color:#8b4513;color:#000000;border-top-left-radius:1px;border-top-right-radius:1px\"><b>1st (IK) KY\u00db<\/b> - Brown belt<\/div><div class=\"su-box-content su-u-clearfix su-u-trim\" style=\"border-bottom-left-radius:1px;border-bottom-right-radius:1px\">\n<ul>\n<li><strong>Requirement:<\/strong> min. 6 months of practise<\/li>\n<li><strong>Theoretical topic:<\/strong> terminology of NUNCHAKU techniques<\/li>\n<li><strong>KIHON:<\/strong>\n<ul>\n<li>B\u00d4-NO-KIHON (2x right\/left each, fluent performance)<\/li>\n<li><a href=\"http:\/\/www.youtube.com\/watch?v=AXFkaKlw7K0&amp;list=PL56BEA5DD954AAD7E\">SAI-NO-KIHON<\/a><\/li>\n<\/ul>\n<\/li>\n<li><strong>KATA:<\/strong>\n<ul>\n<li><a href=\"http:\/\/www.youtube.com\/watch?v=XJmKWmQOnlg&amp;list=PL56BEA5DD954AAD7E\">SH\u00dbSHI-NO-KUN (SH\u00d4)<\/a><\/li>\n<li><a href=\"http:\/\/www.youtube.com\/watch?v=zzz7WoWd9fI\">MAEZATO-NO-NUNCHAKU<\/a><\/li>\n<\/ul>\n<\/li>\n<li><b>KUMITE<\/b>: MAEZATO-NO-NUNCHAKU BUNKAI\n<ul>\n<li>no. 12 &#8211; 14b)<\/li>\n<li>no. 26 &#8211; 27 (GYAKU)<\/li>\n<li>no. 36 &#8211; 38b)<\/li>\n<\/ul>\n<\/li>\n<\/ul>\n<\/div><\/div>\n<p><a href=\"https:\/\/kobudo-tesshinkan.eu\/wp-content\/uploads\/2025\/04\/test_kids_en.pdf\">Optional exam program for children up to 12 years old (10th KY\u00db &#8211; 6th KY\u00db)<\/a><\/p>\n","protected":false},"excerpt":{"rendered":"<p>Optional exam program for children up to 12 years old (10th KY\u00db &#8211; 6th KY\u00db)<\/p>\n","protected":false},"author":1,"featured_media":0,"parent":578,"menu_order":2,"comment_status":"closed","ping_status":"closed","template":"","meta":{"footnotes":""},"_links":{"self":[{"href":"https:\/\/kobudo-tesshinkan.eu\/index.php\/wp-json\/wp\/v2\/pages\/1241"}],"collection":[{"href":"https:\/\/kobudo-tesshinkan.eu\/index.php\/wp-json\/wp\/v2\/pages"}],"about":[{"href":"https:\/\/kobudo-tesshinkan.eu\/index.php\/wp-json\/wp\/v2\/types\/page"}],"author":[{"embeddable":true,"href":"https:\/\/kobudo-tesshinkan.eu\/index.php\/wp-json\/wp\/v2\/users\/1"}],"replies":[{"embeddable":true,"href":"https:\/\/kobudo-tesshinkan.eu\/index.php\/wp-json\/wp\/v2\/comments?post=1241"}],"version-history":[{"count":5,"href":"https:\/\/kobudo-tesshinkan.eu\/index.php\/wp-json\/wp\/v2\/pages\/1241\/revisions"}],"predecessor-version":[{"id":7338,"href":"https:\/\/kobudo-tesshinkan.eu\/index.php\/wp-json\/wp\/v2\/pages\/1241\/revisions\/7338"}],"up":[{"embeddable":true,"href":"https:\/\/kobudo-tesshinkan.eu\/index.php\/wp-json\/wp\/v2\/pages\/578"}],"wp:attachment":[{"href":"https:\/\/kobudo-tesshinkan.eu\/index.php\/wp-json\/wp\/v2\/media?parent=1241"}],"curies":[{"name":"wp","href":"https:\/\/api.w.org\/{rel}","templated":true}]}}